t is the hundreds digit of j(29)?
3
Suppose 0 = 5*u - 5*a + 55915, -u = -4*a + 7*a + 11199. What is the tens digit of (4/(-3))/((-11)/(u/(-2)))?
7
Suppose 10 = 5*j, -2*j + 3 = -3*d - 1. Suppose 80*f - 84*f + 2492 = d. What is the units digit of f?
3
Suppose -602*s + 249*s + 3825580 = -243*s. What is the ten thousands digit of s?
3
Let i(c) = 30*c + 100. Let x be i(-3). Suppose -x*f + 4*f = -3492. What is the hundreds digit of f?
5
Let b(l) = -l**2 - 12*l - 34. Let h be b(-6). Let n be (-1)/(-2) + (-3)/6 + h. Suppose n*d + 2*d + 2*k = 670, d - 5*k = 173. What is the units digit of d?
8
Suppose -37*n + 39*n = 4*o + 91994, -5*n + 229975 = -5*o. What is the thousands digit of n?
5
Let a be (-6 - -1) + (-6 - -81). What is the thousands digit of (-13312)/(-10) - (7 - 476/a)?
1
Suppose 2*p = -3*l - 9 + 61, 2*l + 2*p = 36. What is the units digit of ((-51720)/l)/15*-6?
3
Suppose -4*y + 7 - 3 = 4*k, -3*y - 12 = 0. What is the tens digit of ((-142)/(-5))/(182/35 - k)?
4
Let o = -9543 + 17792. What is the thousands digit of o?
8
Suppose 22*r + k + 69705 = 26*r, 5*r - 87134 = 4*k. What is the hundreds digit of r?
4
Let n = -106 - -108. Suppose -3*y - 358 = -t, n*t - 1000 + 289 = 5*y. What is the hundreds digit of t?
3
Let j(k) = k - 1. Let z(f) = 4*f + 26. Let x(b) = -j(b) + z(b). Let h be x(-9). What is the tens digit of 4/16*h - (-33)/1?
3
What is the thousands digit of (-11)/55 - (75702/(-10) + -5)?
7
Suppose 21*k - 124366 = 55793. What is the units digit of k?
9
Let c = 11286 - -12342. What is the thousands digit of c?
3
Suppose 2*b + 30 + 15 = 5*y, -4*y + 4*b + 48 = 0. Suppose -5*f - 4*p = -y*p - 1902, -p = f - 382. What is the tens digit of f?
8
Suppose -4*f + 41 = 33. Let n(l) = 24*l**2 + 5*l - 7. Let t be n(f). Let d = -32 + t. What is the units digit of d?
7
Let s = 220 + -216. Suppose k = -5*m + 437 + 79, s*m = 0. What is the units digit of k?
6
Let p = 63 + -60. Suppose 2*v + 4*x - 8*x = 992, p*v - 3*x - 1494 = 0. What is the units digit of v?
0
Suppose 114539 = -28*b + 39807. Let r = b - -4070. What is the tens digit of r?
0
Let v be 4 + ((-726)/(-6) - 4). Let w = v - 50. What is the units digit of w?
1
Let j(k) = -k**2 + 4. Let f be j(4). Let g be 40/6 + (360/27)/10. What is the units digit of g/12 + 0 + (-292)/f?
5
Let f = -13809 - -21159. What is the units digit of f?
0
Let i(f) = -2046*f**3 - 4*f**2 + 15*f + 35. What is the hundreds digit of i(-2)?
3
Let a(y) = 7*y - 80. Let l be a(8). What is the hundreds digit of 90/l*5928/(-18)?
2
Suppose y + 2*t = -6, 3*t = -22*y + 26*y - 20. Suppose 0 = 8*r + y*r - 6500. What is the units digit of r?
0
Let j(s) = -2570*s - 8089. What is the thousands digit of j(-5)?
4
Suppose 0 = c + 2, 21 = s - 8*c - 26. What is the units digit of s?
1
Let f(p) be the third derivative of 15*p**4/8 - 50*p**3/3 + 2*p**2 + 88. What is the hundreds digit of f(13)?
4
Let p(f) = 4*f**2 + 24*f - 710. Let u be p(16). Let n be (5 - 3)*(-421)/2. Let z = n + u. What is the tens digit of z?
7
Let t be 116/(-8) - (-1)/(-2). What is the units digit of 179 + t/(-20) + 10/8?
1
Suppose 4*u = 3*k + 7, -125*k + 120*k = -5*u + 10. Let i be (0 - -1)/((-3)/(-6)). What is the units digit of i/u*21/6?
7
What is the ten thousands digit of (22942/(-14))/(204/(-1428))?
1
Suppose 0 = 4*v - 4*y + 12, -3*v - 2*y + 5 = -1. Suppose 16*w - 11*w - 335 = v. Let i = 18 + w. What is the tens digit of i?
8
Let u = -26 - -18. Let n be (-52)/9 + (-8)/36. What is the units digit of (-32)/n*(-42)/u?
8
Suppose -21*i + 91894 = 9007. What is the hundreds digit of i?
9
What is the hundreds digit of (14782/(-7)*1)/(189/(-1323))?
7
Let o(d) = -4*d + 58. Let i be o(14). Suppose s = -b - i*s + 1745, b = -s + 1753. What is the units digit of b?
7
Suppose 3*u + 413 = -409. Let f(g) = 40*g + 7. Let c be f(-3). Let p = c - u. What is the tens digit of p?
6
Suppose 3*s + 14*b - 24409 = 15*b, s + 8*b = 8153. What is the thousands digit of s?
8
Suppose 3 = a + 7, 2*x - 4*a - 20 = 0. Suppose 0 = 5*w + x*b - 6609, 4*w + 32*b - 30*b = 5286. What is the tens digit of w?
2
Suppose -4*x - 8 - 17 = t, 4*x + 15 = t. Let h be (-18)/30 - 28/x. Suppose r + h*c = 128, 0*c + 490 = 4*r - 2*c. What is the hundreds digit of r?
1
Let i = 330 - 201. Suppose -2*d + l = -i, 2*d - 2*l = -7*l + 123. Suppose -6*a = -278 - d. What is the tens digit of a?
5
Let j(u) = -u**2 + 10*u + 27. Let i be j(12). Suppose n = i*n - 22. Suppose n*s = 4*s + 630. What is the units digit of s?
0
What is the hundreds digit of 9803 + 0 + (3 - -6*5/(-5))?
8
Suppose -111 = -6*x + 147. Let m(q) = q**2 - 36*q - 68. What is the units digit of m(x)?
3
What is the units digit of 3444 + (-1)/(-4 + 1)*-3?
3
Suppose 2*d + 10 = 18. Suppose -4*y + 5*y = -1, -y = -d*l - 39. What is the tens digit of 8/l + (-1014)/(-30)?
3
Let p = 356 + -356. Suppose 3*t + p*t - 624 = 0. What is the hundreds digit of t?
2
What is the hundreds digit of (-216060)/(-16) + (-2)/(-8) - (-8 + 12)?
5
Suppose 350 = -10*v + 8*v. Let c = 312 - v. What is the tens digit of c?
8
What is the thousands digit of (-60 + 9)/((-27)/1017)?
1
Let v(i) = -i**3 + 12*i**2 - 2*i + 15. Let p be v(10). Let h = -108 + p. Suppose 4*y - 339 = -h. What is the tens digit of y?
6
Let u(m) = -m**3 + 25*m**2 - 18*m + 6. Suppose -4*k = 8, -3*k + 82 - 16 = 4*j. What is the units digit of u(j)?
0
Suppose -2*g + 13662 = -2*c, 0 = g - 3*c + 1024 - 7849. What is the thousands digit of g?
6
Let a = 16268 - 7635. What is the thousands digit of a?
8
Suppose -9*w - 240 = -13*w. Suppose 17*v = 14*v + w. Suppose v = 5*t, -4*j = -5*j + 5*t + 126. What is the units digit of j?
6
Suppose -35904 = 76*h - 87*h. What is the hundreds digit of h?
2
What is the tens digit of 945740/38 - (-16)/380*315/126?
8
Let x(i) = -6*i - 5. Let w be x(-3). Let r = 21 - w. Suppose -r*s - 345 = -11*s. What is the hundreds digit of s?
1
Let s be 769*(-3 + 4 + (6 - 8)). Let t = 1533 + s. What is the tens digit of t?
6
Let v be (18/(-36))/(18/8 + -2). Let g be 490 - -8 - (5 + v). Suppose 5*p + g = 5*r, -676 = -5*r + 3*p - 189. What is the units digit of r?
5
Suppose -4*s - 5*g = -17621, -3*s + 5*g + 2145 = -11097. What is the tens digit of s?
0
Let g = 846 - 586. Suppose 4*i = 9*i + g. Let o = -26 - i. What is the tens digit of o?
2
Suppose -2*o - 4 = 2*t + 4, -10 = -5*o. What is the units digit of 337*t/18*-3?
7
What is the hundreds digit of 129/24*-4*282*-1?
0
Let l(t) = t**3 + 28*t**2 - 2*t - 58. Let p be l(-27). Suppose 6*f - 2065 = p. What is the hundreds digit of f?
4
Suppose 183*q = 143*q + 89000. What is the thousands digit of q?
2
Let i = -2041 + 3798. Let q = -1119 + i. What is the units digit of q?
8
Suppose 2*m = -4*x + 6, -2*m - 9 + 30 = -x. What is the tens digit of ((-15)/20)/(m/(-996))?
8
Suppose 10*p = 9*p + a + 45490, 5*p - 3*a = 227434. What is the tens digit of p?
8
Suppose 4*r - 160*q = -158*q + 66206, 2*q = -3*r + 49679. What is the thousands digit of r?
6
Suppose -207 = 36*j - 531. What is the tens digit of (1018/(-4))/(7*j/(-126))?
0
Let v be (-8)/(-48) - 130/(-12). Suppose 5*o = -q + 885, -183 = -o + v*q - 10*q. What is the units digit of o?
8
Let z = 80 + -78. Suppose 45 = -k - z*t, -k - t - 155 = 2*k. Let b = k + 102. What is the tens digit of b?
4
Let q(i) = -122*i + 615. What is the units digit of q(-19)?
3
Suppose -9*x - 3114 + 8901 = 0. Let q = 980 - x. What is the hundreds digit of q?
3
What is the units digit of (2 + 4)*(-65)/((-260)/61368)?
2
Let k = -126 - -58. Let g be k*3/(-12)*2. Suppose 6*z = 100 - g. What is the units digit of z?
1
Suppose 3*g = 2*o + 31759, 3*g + 44*o - 31752 = 47*o. What is the tens digit of g?
9
Let w(h) = 5*h**3 - 6*h**2 + 4. Suppose -2*i - 2 = 4*y, -i = -y - 3*y - 17. Let f be w(i). Suppose -4*b = -337 - f. What is the tens digit of b?
0
Let s = 21027 - 7924. What is the ten thousands digit of s?
1
Let f be (-4)/10 - 45724/(-10). Suppose -3*d - 2*b + 3424 = -6*b, f = 4*d - 2*b. What is the thousands digit of d?
1
Let o be -4 + (0 + -55)*-11. Let l = 87 - 87. Suppose -5*d = 3*z - o, 2*d + l*z = z + 247. What is the tens digit of d?
2
Suppose 22*t + 92121 = -15*t + 742433. What is the ten thousands digit of t?
1
Suppose 4*l - 2*u = 41220, -l + 30*u = 20*u - 10267. What is the hundreds digit of l?
3
Let m = 37 - -23. What is the hundreds digit of 108/m*(